+ s*o - 342. What are the prime factors of f?
2, 3, 11
Let w = 3589 + 3437. Suppose 1374 - w = -12*n. List the prime factors of n.
3, 157
Let q(k) be the second derivative of -7*k**3/3 - 115*k**2/2 + 154*k. What are the prime factors of q(-16)?
109
Suppose 6 + 12 = 9*m. Suppose -3*c + d + 16 = m*d, -2*c + 8 = -2*d. Suppose 3*u + 3*i - 9 = 147, -i - 272 = -c*u. What are the prime factors of u?
2, 3
Let d be (-147)/(-21) + 2 + -1. Suppose d*w + 6*w = 7980. List the prime factors of w.
2, 3, 5, 19
Let h = 1810 + -3143. What are the prime factors of (-1)/1*(h + 51)?
2, 641
Suppose -c = -5, 2*b - c + 543 = 4*b. Let d be -2*b/(-2) + 4. Suppose 7*l + 0*l - d = 0. What are the prime factors of l?
3, 13
Suppose 0 = 2*c + 3*a - 91864, 1434*a = 4*c + 1432*a - 183792. What are the prime factors of c?
2, 5743
Let r be 5 + -10*(-5)/5. Let y be 1280/(-2)*(-5)/(r + -5). List the prime factors of y/6*3/2.
2, 5
Suppose 18104 - 115978 = -16*p + 80638. List the prime factors of p.
3, 3719
Let t be 7 - (8 + -100) - 8. List the prime factors of (-13)/t - (-5384)/7.
769
Let o = 19466 - -1746. List the prime factors of o.
2, 5303
Suppose -190687 - 412286 = -33*j + 355083. List the prime factors of j.
2, 19, 191
Let g(c) = -9*c**3 - c**2 - c - 2. Let i be g(-2). Let p = i - 115. Let d = 44 - p. List the prime factors of d.
7, 13
Let b(s) be the second derivative of 5*s**3/6 - s**2/2 - 5*s. Let a be b(1). Suppose 3*i - 758 = -5*k, -i - 3*i = -a. What are the prime factors of k?
151
Let c = 20205 - 13341. What are the prime factors of c?
2, 3, 11, 13
Let w(n) = -n**3 - 9*n**2 + 30*n + 24. Let t be w(-16). Let j = t - 652. List the prime factors of j.
2, 3, 19
Let a(f) = 719*f + 1197. What are the prime factors of a(27)?
2, 3, 5, 229
Let r(n) = 2*n + 2. Let w(q) = -83*q + 38. Let k(h) = -3*r(h) - w(h). What are the prime factors of k(6)?
2, 11, 19
Suppose 2*d - 2013 = 5*j + 21084, d + 3*j - 11554 = 0. What are the prime factors of d?
11551
Let j(c) = -271*c**3 - c**2 + 2*c + 3. Let d be j(-1). Let a = 758 - d. List the prime factors of a.
487
Let x = -557 - -561. Suppose 3*t + 2*t - 1567 = -x*p, 0 = -3*t + p + 947. What are the prime factors of t?
3, 5, 7
Let i(s) = -67*s - 48. Let x(g) = 2*g + 3. Let z(f) = 2*i(f) + 6*x(f). What are the prime factors of z(-14)?
2, 5, 163
Suppose -v - 1 = -0*v + 3*c, 13 = -3*v + c. Let h be 3 + v - 226/(2 - 3). Let s = h + -82. List the prime factors of s.
11, 13
Let y be (0 + 3 + -5)*-2. Suppose -y*a = a - 3*u - 18, u + 13 = 4*a. Suppose a*f = -2*r + 517, r + 347 = -0*f + 2*f. What are the prime factors of f?
173
Let h = 31 + -21. Let m be (6*(-5)/h)/((-3)/460). Suppose -2*u = -4*u - 3*q + m, 3*u - 4*q = 673. List the prime factors of u.
227
Let g(w) = 2*w**3 + 15*w**2 - 10*w - 13. Let k = 138 + -146. Let o be g(k). Suppose -o*p = -134 - 748. List the prime factors of p.
2, 3, 7
Suppose 31 = -4*c + o, 2*c + 9 + 12 = -5*o. Let u = c + 35. What are the prime factors of u + 1 + 5 + -2?
31
Let i(o) = -o**3 + 14*o**2 - o + 11. Suppose 7*k = 2*m + 3*k - 20, -k + 44 = 3*m. Let f be i(m). List the prime factors of (-4)/f*705/10.
2, 47
Suppose -1013*c - 23164 = -1015*c. List the prime factors of c.
2, 5791
Suppose -48*m = -91*m + 35*m + 236352. What are the prime factors of m?
2, 3, 1231
Suppose 27*b - 452 = -398. Let n = 1 + -1. Suppose b*o = -p + 84, n*p = -p + 4*o + 54. What are the prime factors of p?
2, 37
Let s be -3*(-3 + -1 - (-24)/8). Let w be (1 - 0)/(s/(-12)). What are the prime factors of ((-5)/w - 2)*(-4 + 0)?
3
Suppose 8*j + g = 7*j + 19973, 0 = -3*g + 18. List the prime factors of j.
41, 487
Let m = -53 - -102. Let j = m - 14. Let r = j - 11. List the prime factors of r.
2, 3
Suppose -t + 5*t = -w + 9, 0 = w + t - 6. Suppose w*n + 4 = 64. Suppose 21*p = n*p + 2151. What are the prime factors of p?
239
Suppose 5*w - 4879 = -0*w - x, 0 = 5*x + 5. Let v = 1403 - w. What are the prime factors of v?
7, 61
Let a = 80003 + -51462. List the prime factors of a.
28541
Let f(g) = g + 6. Let d be f(-2). Suppose -d*q + 578 = 58. Suppose -b + q - 11 = 0. What are the prime factors of b?
7, 17
Suppose -95*d + 614528 = -31*d. What are the prime factors of d?
2, 4801
Let q = 94 - -7839. What are the prime factors of q?
7933
Let m(k) = -37 + 20*k + 17 + 14*k. Let c be m(-2). Let q = 146 + c. What are the prime factors of q?
2, 29
Let o(s) be the third derivative of -s**6/360 + 7*s**4/12 - 7*s**3/3 + 26*s**2. Let d(a) be the first derivative of o(a). List the prime factors of d(0).
2, 7
Let b be (-4)/(-18) - 276/27. Let j be 3/15*-47 - 4/b. What are the prime factors of (-16)/(j/(-9) - 66/62)?
2, 31
Let w(n) = 26*n**3 + 2*n**2 - 3*n + 6. Suppose 25 = 5*p - 2*l + 6, 2*p + 5*l + 4 = 0. What are the prime factors of w(p)?
3, 239
Suppose -a + 142 = -161. Suppose 7*y = -765 + a. Let g = 98 + y. What are the prime factors of g?
2
Let b(p) = -27*p + 22. Suppose 387 = -28*a + 51. What are the prime factors of b(a)?
2, 173
Suppose -238 = -2*w + 726. Suppose w = 2*i + 66. What are the prime factors of i?
2, 13
Suppose 0 = 16*f - 40*f - 21384. What are the prime factors of 1327 - (4/14 + f/(-189))?
2, 661
Let g = -78 - -119. Suppose 39*j = g*j - 202. What are the prime factors of j?
101
Let c(u) = u**2 - 12*u + 1. Let o be c(12). Suppose 0 = 3*l + 2*v - 6*v - 1, 0 = 2*l - v + o. What are the prime factors of (6 - -84)*((-2)/4)/l?
3, 5
Suppose -5*j + 1049 = 2*v - 3*v, -2*j = 3*v - 423. Suppose j*c - 862 = 208*c. What are the prime factors of c?
431
Suppose 0 = -0*x - 6*x - 36. Let f be (9/x)/(15/(-2020)). Let o = f + -139. List the prime factors of o.
3, 7
Let t(w) = -1670*w - 3906. List the prime factors of t(-14).
2, 7, 13, 107
Suppose -19*b = -4*b + 60. What are the prime factors of (3842/b)/(-1) - (-12)/8?
2, 13, 37
Suppose -3*m + 4*x + 1508 = 0, 0 = 2*m - 9*x + 14*x - 1013. List the prime factors of (m - -1)/(4 + -3).
5, 101
Let w be 27/(-5) + -4*(-1)/10. Let j = w - -22. Suppose 164 - j = 3*v. List the prime factors of v.
7
Suppose 0 = -4*p - 4*b + 1832, 3*p + 2*p + 2*b = 2287. Suppose 5*r - 788 - p = 0. What are the prime factors of r/6 - (-4)/8?
2, 3, 7
Let v(s) be the second derivative of s**4/24 + 7*s**3/3 - 11*s**2/2 + 13*s. Let n(k) be the first derivative of v(k). What are the prime factors of n(6)?
2, 5
What are the prime factors of (-56)/(-8) + (420394/19 - 4/2)?
3, 2459
Suppose 4*w + 510250 = 6*z, -3*z + 3*w = 27401 - 282533. What are the prime factors of z?
85037
Let l = -188 - -72. Let q = -112 - l. Suppose 3*u + q*f = -0*u + 250, -370 = -4*u + 2*f. List the prime factors of u.
2, 3, 5
Suppose -u - 7*u = -16. Suppose -4*p = u*p - 414. Let j = p + -61. List the prime factors of j.
2
Suppose -z - 10*t = -20*t - 19671, -5*t = 2*z - 39367. What are the prime factors of z?
19681
Let k be 0 + 13/(65/10). List the prime factors of (0 - k*-2) + (-5 - -591).
2, 5, 59
Let m = -7272 + 51576. What are the prime factors of m?
2, 3, 13, 71
Let p = -127 - -155. Suppose 14*d - 28 = p. What are the prime factors of d/6 - (-3757)/39?
97
Suppose -5*a - j + 39833 = 0, 16*j - 55763 = -7*a + 13*j. What are the prime factors of a?
31, 257
Let p be (5079/9)/((-11)/(-66)). Let t = p - 2391. List the prime factors of t.
5, 199
Suppose -9*u + k - 99 = -10*u, 2*u - 2*k - 194 = 0. Suppose 80*v - u*v + 270 = 0. What are the prime factors of v?
3, 5
Let r be (-2 + (-7)/2)*50. Suppose 2*f + 1462 = -5*u - 1408, -3*u - 1718 = 2*f. Let q = r - u. What are the prime factors of q?
7, 43
Let w(j) = 11*j**3 - 11*j**2 + 48*j - 16. Let k be w(8). Let m = k - 3590. List the prime factors of m.
2, 853
Let p(f) = 290*f - 70. What are the prime factors of p(12)?
2, 5, 11, 31
Let s be ((-176)/(-20) - 8) + (-62)/(-10). Suppose s*v + 32 = -73. What are the prime factors of 1971/15 + 6/v?
131
Let m(w) = 2*w**3 - 10*w**2 - 13*w - 30. Let b be m(9). Suppose 0 = -z + b - 102. What are the prime factors of z?
3, 7, 19
Suppose 5*j - 7600 = -3*j. Let q = j + -540. List the prime factors of q.
2, 5, 41
Suppose -68*r = -73*r + 385. What are the prime factors of (2/(-10))/(r/(-65065))?
13
Suppose -13*h + 10*h - 4*k = -86096, 2*h = -5*k + 57395. What are the prime factors of h?
2, 5, 7, 41
Suppose s - 5*a - 2205 - 13346 = 0, -46669 = -3*s - a. List the prime factors of s.
2, 3889
Suppose 3*a + 4*